uppose -2 - 4 = 6*d. Suppose 5*z - 15 = 4*z. Calculate the remainder when z is divided by -4*(-3 + 3 + d).
3
Suppose 0*c + 4*c = 116. Let y = c + -17. Suppose x - y = -3*x. Calculate the remainder when 4 is divided by x.
1
Let v be -2*(30/(-4))/(-5). Let u = v + 6. Calculate the remainder when u is divided by 1.
0
Let w(j) = -8*j + 27. What is the remainder when w(-13) is divided by 12?
11
Suppose z + 0*z = 0. What is the remainder when (z + (-12)/(-15))*20 is divided by 5?
1
Let b(q) = 6*q**2 - 2*q - 1. Let y(i) = i**2 + 8*i - 1. Let s(m) = -5*m + 2. Let a be s(2). Let k be y(a). Calculate the remainder when b(k) is divided by 4.
3
Let x(b) be the first derivative of 3*b**2/2 + b - 2. Let k be x(1). Suppose -2*o = -a + 23, a + 7 = -0*o - k*o. Calculate the remainder when a is divided by 7.
6
Let d = -15 - 8. Let s = -10 - d. What is the remainder when 22 is divided by s?
9
Let x(d) = -d**2 + 6*d - 4. Let t be x(4). Suppose t*w + 2 - 90 = 0. Calculate the remainder when w is divided by 8.
6
Suppose 0 = 4*g + x - 52, 5*g + 5*x = 54 + 26. Suppose -p = -3*p - g. What is the remainder when (-2)/p*3*34 is divided by 12?
10
Let l(f) = f**2 - 5*f + 5. Let s be l(4). Let k = 6 - s. Let x(p) = p**3 - 4*p**2 - p - 5. Calculate the remainder when 28 is divided by x(k).
13
Suppose -w + 6*w + 2*l - 129 = 0, 5*w = 2*l + 121. What is the remainder when w is divided by 9?
7
What is the remainder when (-1 - (-46)/10)*5 is divided by 7?
4
Let a = 51 + -25. Let b(x) = -x**3 + 5*x**2 - x - 6. Calculate the remainder when a is divided by b(3).
8
Calculate the remainder when 9/15 + 1692/30 is divided by 20.
17
Let i(f) = f**3 - 6*f**2 + 2*f - 9. Let h be i(6). Let m be (-2)/4*-2 - h. What is the remainder when 5 is divided by (6/(-9))/(m/9)?
2
Let l = 6 - 12. What is the remainder when 2 is divided by (1*-1)/(6/l)?
0
Suppose -39 = 4*w - 9*w - 4*j, 4*j = 3*w - 17. Calculate the remainder when 11 is divided by w.
4
Let n = 5 - -1. What is the remainder when (-318)/(-14) - 4/(-14) is divided by n?
5
Let o(u) = 2*u**2 + 23*u + 27. What is the remainder when o(-11) is divided by 5?
1
Suppose -2 = r - 6. Suppose 5*f + 28 = r*s, 3*s - 17 + 7 = f. Suppose -4*i = -l + s*l + 5, -5*l + 51 = i. What is the remainder when 32 is divided by l?
10
Suppose -13*g = -8*g - 95. What is the remainder when g is divided by 10?
9
Suppose -3*f + k - 1 = -4*f, -5*f + 5*k = -15. Let q be (f + -1)/((-1)/(-12)). Calculate the remainder when 32 is divided by 129/q + 2/8.
10
Suppose -5*n = -2 - 3. Suppose 0 = -u - n + 3. Let z(w) = w**2 + 6*w - 5. Calculate the remainder when z(-7) is divided by u.
0
Let t(o) be the first derivative of -o**2/2 - 2*o + 5. What is the remainder when 29 is divided by t(-12)?
9
What is the remainder when 75 is divided by 7/(-14) + (-27)/(-2)?
10
Let t(d) = d**3 - 3*d + 3. Let r be t(-4). Let k = 98 + r. Calculate the remainder when k is divided by 13.
10
Suppose 8 = 4*m - 8*m. Let t be (m/(-3))/((-8)/(-228)). Suppose -z + t = -15. What is the remainder when z is divided by 12?
10
Suppose 69*q - 71*q = -102. Calculate the remainder when q is divided by 26.
25
Let w(g) = g**3 - 4*g**2 + g - 2. Let b be w(4). Suppose b*n - 2*j - 49 = -n, 5*j + 38 = n. Calculate the remainder when 38 is divided by n.
12
Suppose -3*v = -58 + 169. Let b = v + 55. Calculate the remainder when 70 is divided by b.
16
Let b = 18 - 10. What is the remainder when 15 is divided by b?
7
Suppose -3*c = 198 - 216. Calculate the remainder when 23 is divided by c.
5
Let b = 7 - -1. Let l = 14 - b. Suppose 0 = -5*h - 2*k + 24, -3*k - 14 = 4*h - 9*h. Calculate the remainder when l is divided by h.
2
Suppose 0 = 5*x - 2*x - 87. Calculate the remainder when 55 is divided by x.
26
Suppose 5*c = 6*i - 2*i - 95, -i + 20 = -5*c. Calculate the remainder when i is divided by 13.
12
Suppose -3*i + 32 = 5. Let b(l) = l**3 - 3*l**2 + 2*l. What is the remainder when i is divided by b(3)?
3
Suppose -4*l + 16 = -32. What is the remainder when 47 is divided by l?
11
Calculate the remainder when 6 is divided by (-3 - -5) + 1 + 2.
1
Let m(t) = 23*t**2 + 2*t - 1. What is the remainder when 90 is divided by m(1)?
18
Suppose -5*m - 3*h + 37 = 3, 42 = 5*m - h. Suppose -4*c + 0 = -m. What is the remainder when c is divided by 1?
0
Let q(l) = -l**3 + 4*l**2 - l + 4. Let m be q(4). Suppose 3 = 3*c - 9, r - 4 = 5*c. Suppose -3*h + r + 9 = m. What is the remainder when 32 is divided by h?
10
Let d be 1/(-6) - 222/(-36). Suppose 0 = -5*n + r - 15, 3*n + 3*r - 5 = 8*n. Let t = d + n. What is the remainder when t is divided by 1?
0
Suppose 12 = 5*p + 2*i, i - 11 = -5*p - 0*i. Calculate the remainder when -4*2/(-2) + 0 is divided by p.
0
Suppose 2*q - 24 = 30. Suppose -3*s + q + 6 = 0. Suppose 0 = -4*w + z + 24 - 5, -z = 4*w - 29. What is the remainder when s is divided by w?
5
Suppose u - 1 - 24 = -3*f, 8 = -4*f. Let c = -10 - -2. Let q(l) = -2*l - 5. Calculate the remainder when u is divided by q(c).
9
Let q = -147 + 218. What is the remainder when q is divided by 24?
23
Suppose 5*l = 5*f - 335, 15 - 318 = 5*l + 3*f. Let o = l + 104. What is the remainder when o is divided by (-12)/42 - 149/(-7)?
20
Let c = 46 - 28. Let p(a) = a**3 + 11*a**2 + 7*a + 4. What is the remainder when p(-10) is divided by c?
16
Let y = -1 + 4. What is the remainder when 12 is divided by y?
0
Let m(d) = 4*d**2 - 54*d - 20. Let x = -96 - -142. Calculate the remainder when x/(-1)*(-2)/4 is divided by m(14).
7
Let y(l) = -l**2 - 10*l + 10. What is the remainder when 55 is divided by y(-9)?
17
Suppose -7*a - 48 = -3*y - 4*a, 0 = 3*y + 2*a - 63. Calculate the remainder when y is divided by 6.
1
Let a be (-22)/8 + (-2)/8. Let v = 8 - a. Calculate the remainder when v is divided by (5 - -1) + -1*2.
3
Let d = 6 + -3. Suppose d = 3*u, -s + u - 1 + 10 = 0. What is the remainder when 4 - (-2)/(2/25) is divided by s?
9
Let m(l) = 6*l + 25. Suppose -10 = 3*c + 2*c. Let r(v) = -3*v - 12. Let f(s) = c*m(s) - 5*r(s). Calculate the remainder when f(8) is divided by 12.
10
Suppose 7 = -x + 44. Calculate the remainder when 110 is divided by x.
36
Suppose -4*j - 4*l + l + 43 = 0, j = -4*l + 14. Calculate the remainder when 16 is divided by j.
6
Calculate the remainder when 21 is divided by (-36)/(-15)*(-1 - -6).
9
Let t(b) = -9*b - 2. What is the remainder when 30 + 0*4/(-4) is divided by t(-2)?
14
Suppose 0 = p + 2*p - 9. Suppose v - 7 = -3. Calculate the remainder when v is divided by p.
1
Let u(w) = 4*w**2 - w. Let p(q) = q. Calculate the remainder when u(-1) is divided by p(3).
2
Let n = 24 + -12. What is the remainder when 42 is divided by n?
6
What is the remainder when 107 is divided by (-23)/(-2) - (-1 + 2)/2?
8
Suppose -2*n = -43 - 3. What is the remainder when n is divided by 9 - -1 - (1 - -1)?
7
Suppose -c + 46 = 3*x, 4*x = -3*c + x + 126. Calculate the remainder when c is divided by 15.
10
Suppose 3 - 2 = m. Let z(y) = -y**2 + 11*y - 8. Calculate the remainder when z(10) is divided by m.
0
Suppose -3*o - 35 = -5*o - 5*k, -3*o = -4*k - 87. What is the remainder when o is divided by 9?
7
Suppose 0 = 5*a - 10 - 35. Let h(f) = -4*f**2 + 3*f**2 + 8*f + 13 + 0*f**2. Calculate the remainder when 10 is divided by h(a).
2
Suppose z - 3*z = -30. Calculate the remainder when ((-21)/2)/(z/(-20)) is divided by 6.
2
Suppose 0 = 5*a - 70 + 170. What is the remainder when (a/25)/((-4)/130) is divided by 14?
12
Suppose 3 = w - 2. Suppose -w*k + 3*b + 38 = -b, k = 2*b + 4. Calculate the remainder when k is divided by 6.
4
Suppose 4*o = 2*i - 12, 4*i + 18 = -3*o - 2. Let h = o + 8. Suppose 5*w - 3*s - 64 = -s, 4*w - 68 = -h*s. What is the remainder when w is divided by 8?
6
Let o = -7 + 12. Suppose 4*h - k - 113 = 0, 0 = o*h - 0*h + k - 148. Let m(f) = 3*f**2 - 2. What is the remainder when h is divided by m(-2)?
9
Suppose 81 = -7*k + 10*k. What is the remainder when 74 is divided by k?
20
Let q be 1 + 16/(4 - 2). Let z(l) = 2*l**3 - 5*l**2 + 3*l - 3. Calculate the remainder when z(3) is divided by (2 + 2)*q/6.
3
Let c(i) = i**3 - 5*i**2 + 5*i - 2. Calculate the remainder when 91 is divided by c(5).
22
Let p be (-4)/(8/6) - -5. Suppose 0 = -p*a + 3*j + 36, 2*a + j + 82 = 6*a. What is the remainder when a is divided by 6?
3
Let l(b) = b**2 + 3*b + 6. What is the remainder whe